{"id":16810,"date":"2019-04-17T13:47:42","date_gmt":"2019-04-17T11:47:42","guid":{"rendered":"https:\/\/economistas-sevilla.com\/?post_type=events&#038;p=16810"},"modified":"2019-07-26T12:10:47","modified_gmt":"2019-07-26T10:10:47","slug":"curso-de-pericial-economica","status":"publish","type":"events","link":"https:\/\/economistas-sevilla.com\/en\/events\/curso-de-pericial-economica\/","title":{"rendered":"CURSO DE PERICIAL ECON\u00d3MICA"},"content":{"rendered":"<h3>Ponentes<\/h3>\n<p><strong>Ignacio de la Vega Fuente.<\/strong><\/p>\n<p><em>Licenciado en Ciencias Economistas y Empresariales, Auditor de cuentas. Miembro del Registro de Auditores Judiciales y Forenses (RAG) del ICJC. Profesor Asociado en el Grado de Administraci\u00f3n y Direcci\u00f3n de Empresas de la Universidad Pablo de Olavide de Sevilla.<\/em><\/p>\n<p><strong>Fernando del Alc\u00e1zar Espa\u00f1a<\/strong>,<\/p>\n<p><em> Economista y Abogado, Administrador Concursal y Judicial, Mediador, Perito Econ\u00f3mico, Miembro del REFOR, Gerente de Nuprofin y Asesores s.l.p.<\/em><\/p>\n<p>&nbsp;<\/p>\n<h4>Programas<\/h4>\n<ul>\n<li>El dictamen pericial en el ordenamiento jur\u00eddico espa\u00f1ol. El da\u00f1o emergente, el lucro cesante, da\u00f1o moral y la evidencia penal. Los supuestos periciales m\u00e1s usuales, tipolog\u00eda, ejemplos y jurisprudencia sobre el reconocimiento del da\u00f1o.<\/li>\n<li>Informe Pericial: Proceso. Metodolog\u00eda, Estructura, contenido, dictamen, presentaci\u00f3n y comunicaci\u00f3n del informe.<\/li>\n<li>La exposici\u00f3n oral del perito y la puesta en escena. D. Fernando del Alc\u00e1zar Espa\u00f1a.<\/li>\n<li>La pericial econ\u00f3mica contable: metodolog\u00eda, pruebas y presentaci\u00f3n. D. Ignacio de la Vega.<\/li>\n<li>La pericial econ\u00f3mica financiera: metodolog\u00eda, pruebas y presentaci\u00f3n. D. Ignacio de la Vega.<\/li>\n<li>\u00a0Coloquio sobre dudas suscitadas. D. Ignacio de la Vega y D. Fernando del Alc\u00e1zar Espa\u00f1a.<\/li>\n<\/ul>\n<h4>Tarifas<\/h4>\n<p><strong><u>TaTarifas<\/u>:<\/strong><\/p>\n<table width=\"327\">\n<tbody>\n<tr>\n<td>Colegiados<span data-ccp-props=\"{&quot;201341983&quot;:0,&quot;335559739&quot;:200,&quot;335559740&quot;:240}\">\u00a0<\/span><\/td>\n<td>\u00a0 \u00a0 \u00a075 \u20ac<span data-ccp-props=\"{&quot;201341983&quot;:0,&quot;335551550&quot;:3,&quot;335551620&quot;:3,&quot;335559739&quot;:200,&quot;335559740&quot;:240}\">\u00a0<\/span><\/td>\n<\/tr>\n<tr>\n<td>Colaboradores de colegiados<span data-ccp-props=\"{&quot;201341983&quot;:0,&quot;335559739&quot;:200,&quot;335559740&quot;:240}\">\u00a0<\/span><\/td>\n<td>\u00a0 \u00a0 \u00a098<span data-ccp-props=\"{&quot;201341983&quot;:0,&quot;335551550&quot;:3,&quot;335551620&quot;:3,&quot;335559739&quot;:200,&quot;335559740&quot;:240}\">\u00a0\u20ac<\/span><\/td>\n<\/tr>\n<tr>\n<td>Colegiados en paro<span data-ccp-props=\"{&quot;201341983&quot;:0,&quot;335559739&quot;:200,&quot;335559740&quot;:240}\">\u00a0<\/span><\/td>\n<td>\u00a0 \u00a0 \u00a037\u00a0<span data-ccp-props=\"{&quot;201341983&quot;:0,&quot;335551550&quot;:3,&quot;335551620&quot;:3,&quot;335559739&quot;:200,&quot;335559740&quot;:240}\">\u20ac<\/span><\/td>\n<\/tr>\n<tr>\n<td>Otros asistentes<span data-ccp-props=\"{&quot;201341983&quot;:0,&quot;335559739&quot;:200,&quot;335559740&quot;:240}\">\u00a0<\/span><\/td>\n<td>\u00a0 \u00a0 120<span data-ccp-props=\"{&quot;201341983&quot;:0,&quot;335551550&quot;:3,&quot;335551620&quot;:3,&quot;335559739&quot;:200,&quot;335559740&quot;:240}\">\u00a0\u20ac<\/span><\/td>\n<\/tr>\n<\/tbody>\n<\/table>\n<p>&nbsp;<\/p>\n<p>&nbsp;<\/p>\n<p><strong><u>Forma de pago:<\/u><\/strong><\/p>\n<p>Transferencia bancaria a la cuenta\u00a0ES84-2100-8688-7602-0007-1484\u00a0indicando el nombre del curso y el alumno y enviando justificante por correo electr\u00f3nico a\u00a0<strong><a href=\"mailto:formacionsevilla@economistas.org\">formacionsevilla@economistas.org<\/a><\/strong><\/p>\n<p>Las plazas son limitadas y se cubrir\u00e1n por riguroso orden de formalizaci\u00f3n de matr\u00edcula y pago. Toda inscripci\u00f3n no anulada 24 horas antes del inicio del curso supondr\u00e1 el pago \u00edntegro de la matr\u00edcula<\/p>","protected":false},"excerpt":{"rendered":"<p>Ponentes Ignacio de la Vega Fuente. Licenciado en Ciencias Economistas y Empresariales, Auditor de cuentas. Miembro del Registro de Auditores Judiciales y Forenses (RAG) del ICJC. Profesor Asociado en el Grado de Administraci\u00f3n y Direcci\u00f3n de Empresas de la Universidad Pablo de Olavide de Sevilla. Fernando del Alc\u00e1zar Espa\u00f1a, Economista y Abogado, Administrador Concursal y&hellip;<\/p>","protected":false},"author":5251,"featured_media":16842,"menu_order":0,"template":"","calendar":[64,28],"organizer":[21],"venue":[22],"acf":[],"aioseo_notices":[],"_links":{"self":[{"href":"https:\/\/economistas-sevilla.com\/en\/wp-json\/wp\/v2\/events\/16810"}],"collection":[{"href":"https:\/\/economistas-sevilla.com\/en\/wp-json\/wp\/v2\/events"}],"about":[{"href":"https:\/\/economistas-sevilla.com\/en\/wp-json\/wp\/v2\/types\/events"}],"author":[{"embeddable":true,"href":"https:\/\/economistas-sevilla.com\/en\/wp-json\/wp\/v2\/users\/5251"}],"version-history":[{"count":5,"href":"https:\/\/economistas-sevilla.com\/en\/wp-json\/wp\/v2\/events\/16810\/revisions"}],"predecessor-version":[{"id":16838,"href":"https:\/\/economistas-sevilla.com\/en\/wp-json\/wp\/v2\/events\/16810\/revisions\/16838"}],"wp:featuredmedia":[{"embeddable":true,"href":"https:\/\/economistas-sevilla.com\/en\/wp-json\/wp\/v2\/media\/16842"}],"wp:attachment":[{"href":"https:\/\/economistas-sevilla.com\/en\/wp-json\/wp\/v2\/media?parent=16810"}],"wp:term":[{"taxonomy":"calendar","embeddable":true,"href":"https:\/\/economistas-sevilla.com\/en\/wp-json\/wp\/v2\/calendar?post=16810"},{"taxonomy":"organizer","embeddable":true,"href":"https:\/\/economistas-sevilla.com\/en\/wp-json\/wp\/v2\/organizer?post=16810"},{"taxonomy":"venue","embeddable":true,"href":"https:\/\/economistas-sevilla.com\/en\/wp-json\/wp\/v2\/venue?post=16810"}],"curies":[{"name":"wp","href":"https:\/\/api.w.org\/{rel}","templated":true}]}}

CURSO DE PERICIAL ECONÓMICA

<h3>Ponentes</h3>
<p><strong>Ignacio de la Vega Fuente.</strong></p>
<p><em>Licenciado en Ciencias Economistas y Empresariales, Auditor de cuentas. Miembro del Registro de Auditores Judiciales y Forenses (RAG) del ICJC. Profesor Asociado en el Grado de Administración y Dirección de Empresas de la Universidad Pablo de Olavide de Sevilla.</em></p>
<p><strong>Fernando del Alcázar España</strong>,</p>
<p><em> Economista y Abogado, Administrador Concursal y Judicial, Mediador, Perito Económico, Miembro del REFOR, Gerente de Nuprofin y Asesores s.l.p.</em></p>
<p>&nbsp;</p>
<h4>Programas</h4>
<ul>
<li>El dictamen pericial en el ordenamiento jurídico español. El daño emergente, el lucro cesante, daño moral y la evidencia penal. Los supuestos periciales más usuales, tipología, ejemplos y jurisprudencia sobre el reconocimiento del daño.</li>
<li>Informe Pericial: Proceso. Metodología, Estructura, contenido, dictamen, presentación y comunicación del informe.</li>
<li>La exposición oral del perito y la puesta en escena. D. Fernando del Alcázar España.</li>
<li>La pericial económica contable: metodología, pruebas y presentación. D. Ignacio de la Vega.</li>
<li>La pericial económica financiera: metodología, pruebas y presentación. D. Ignacio de la Vega.</li>
<li> Coloquio sobre dudas suscitadas. D. Ignacio de la Vega y D. Fernando del Alcázar España.</li>
</ul>
<h4>Tarifas</h4>
<p><strong><u>TaTarifas</u>:</strong></p>
<table width="327">
<tbody>
<tr>
<td>Colegiados<span data-ccp-props="{&quot;201341983&quot;:0,&quot;335559739&quot;:200,&quot;335559740&quot;:240}"> </span></td>
<td>     75 €<span data-ccp-props="{&quot;201341983&quot;:0,&quot;335551550&quot;:3,&quot;335551620&quot;:3,&quot;335559739&quot;:200,&quot;335559740&quot;:240}"> </span></td>
</tr>
<tr>
<td>Colaboradores de colegiados<span data-ccp-props="{&quot;201341983&quot;:0,&quot;335559739&quot;:200,&quot;335559740&quot;:240}"> </span></td>
<td>     98<span data-ccp-props="{&quot;201341983&quot;:0,&quot;335551550&quot;:3,&quot;335551620&quot;:3,&quot;335559739&quot;:200,&quot;335559740&quot;:240}"> €</span></td>
</tr>
<tr>
<td>Colegiados en paro<span data-ccp-props="{&quot;201341983&quot;:0,&quot;335559739&quot;:200,&quot;335559740&quot;:240}"> </span></td>
<td>     37 <span data-ccp-props="{&quot;201341983&quot;:0,&quot;335551550&quot;:3,&quot;335551620&quot;:3,&quot;335559739&quot;:200,&quot;335559740&quot;:240}">€</span></td>
</tr>
<tr>
<td>Otros asistentes<span data-ccp-props="{&quot;201341983&quot;:0,&quot;335559739&quot;:200,&quot;335559740&quot;:240}"> </span></td>
<td>    120<span data-ccp-props="{&quot;201341983&quot;:0,&quot;335551550&quot;:3,&quot;335551620&quot;:3,&quot;335559739&quot;:200,&quot;335559740&quot;:240}"> €</span></td>
</tr>
</tbody>
</table>
<p>&nbsp;</p>
<p>&nbsp;</p>
<p><strong><u>Forma de pago:</u></strong></p>
<p>Transferencia bancaria a la cuenta ES84-2100-8688-7602-0007-1484 indicando el nombre del curso y el alumno y enviando justificante por correo electrónico a <strong><a href="mailto:formacionsevilla@economistas.org">formacionsevilla@economistas.org</a></strong></p>
<p>Las plazas son limitadas y se cubrirán por riguroso orden de formalización de matrícula y pago. Toda inscripción no anulada 24 horas antes del inicio del curso supondrá el pago íntegro de la matrícula</p>

<p>Ponentes Ignacio de la Vega Fuente. Licenciado en Ciencias Economistas y Empresariales, Auditor de cuentas. Miembro del Registro de Auditores Judiciales y Forenses (RAG) del ICJC. Profesor Asociado en el Grado de Administración y Dirección de Empresas de la Universidad Pablo de Olavide de Sevilla. Fernando del Alcázar España, Economista y Abogado, Administrador Concursal y&hellip;</p>
